{"id":635,"date":"2025-05-20T07:45:03","date_gmt":"2025-05-20T07:45:03","guid":{"rendered":"https:\/\/ange-elle.ch\/?page_id=635"},"modified":"2025-10-29T10:12:49","modified_gmt":"2025-10-29T10:12:49","slug":"qui-suis-je","status":"publish","type":"page","link":"https:\/\/ange-elle.ch\/?page_id=635","title":{"rendered":"Qui suis-je?"},"content":{"rendered":"\n<div class=\"wp-block-media-text is-stacked-on-mobile is-vertically-aligned-top\" style=\"grid-template-columns:31% auto\"><figure class=\"wp-block-media-text__media\"><img loading=\"lazy\" decoding=\"async\" width=\"435\" height=\"632\" src=\"https:\/\/ange-elle.ch\/wp-content\/uploads\/2017\/07\/20728318_10207504939381995_7932051988573389506_n.png\" alt=\"\" class=\"wp-image-253 size-full\" srcset=\"https:\/\/ange-elle.ch\/wp-content\/uploads\/2017\/07\/20728318_10207504939381995_7932051988573389506_n.png 435w, https:\/\/ange-elle.ch\/wp-content\/uploads\/2017\/07\/20728318_10207504939381995_7932051988573389506_n-416x604.png 416w, https:\/\/ange-elle.ch\/wp-content\/uploads\/2017\/07\/20728318_10207504939381995_7932051988573389506_n-206x300.png 206w\" sizes=\"auto, (max-width: 435px) 100vw, 435px\" \/><\/figure><div class=\"wp-block-media-text__content\">\n<p>Depuis mon plus jeune \u00e2ge, une qu\u00eate int\u00e9rieure m&rsquo;anime, sensible aux \u00e9motions et aux \u00e9nergies, emplie d&rsquo;une profonde humilit\u00e9 et de bienveillance. D\u00e9j\u00e0 toute petite, j&rsquo;adorais visiter les ch\u00e2teaux, car je voyais les esprits qui y habitaient.&nbsp;<\/p>\n\n\n\n<p>Mais j&rsquo;ai vraiment eu envie de d\u00e9velopper mon don \u00e0 la trentaine lorsque j&rsquo;ai v\u00e9cu plusieurs ph\u00e9nom\u00e8nes paranormaux et que des \u00catres de Lumi\u00e8re essayaient d&rsquo;entrer en contact avec moi. C&rsquo;\u00e9tait le moment de vraiment commencer ma qu\u00eate spirituelle.<\/p>\n\n\n\n<p>Mon d\u00e9but de parcours me dirige&nbsp;vers les sagesses du monde, nourrissant mon esprit de lectures sur le bouddhisme, le tao\u00efsme et d&rsquo;autres enseignements spirituels. Le yoga et une alimentation respectueuse du corps sont venus compl\u00e9ter cette qu\u00eate de reconnexion \u00e0 moi-m\u00eame.<\/p>\n\n\n\n<p>Tout en continuant \u00e0 recevoir des messages de sagesse de mes guides spirituels et d&rsquo;autres \u00catres de Lumi\u00e8re, ma curiosit\u00e9 s\u2019ouvrait davantage aux dimensions du paranormal, de la m\u00e9taphysique et du spiritisme.<\/p>\n\n\n\n<p>J\u2019ai d\u00e9vor\u00e9 des ouvrages, parcouru des lieux charg\u00e9s d&rsquo;\u00e9nergie, assist\u00e9 \u00e0 de nombreuses conf\u00e9rences, \u00e0 la recherche de r\u00e9ponses et de compr\u00e9hension plus profonde.<\/p>\n\n\n\n<p>C\u2019est au terme d&rsquo;une initiation de plusieurs mois que j&rsquo;ai v\u00e9cu une transformation majeure: une purification intense de mes \u00e9motions n\u00e9gatives, v\u00e9ritable renaissance int\u00e9rieure. Ce nettoyage profond a permis \u00e0 mon don de clairvoyance d\u2019\u00e9merger pleinement, r\u00e9v\u00e9lant ma capacit\u00e9 naturelle \u00e0 communiquer avec l\u2019Au-del\u00e0.<\/p>\n\n\n\n<p>\u00c0 partir de l\u00e0, tout s&rsquo;est acc\u00e9l\u00e9r\u00e9. &nbsp;<\/p>\n\n\n\n<p>Je me suis initi\u00e9e au Reiki, franchissant les premiers degr\u00e9s tout en continuant \u00e0 affiner ma m\u00e9diumnit\u00e9 par des s\u00e9minaires, des m\u00e9ditations, et des communications r\u00e9guli\u00e8res avec les anges, archanges et guides spirituels. Chaque rencontre, chaque \u00e9change renfor\u00e7ait mon lien avec le monde invisible.<\/p>\n\n\n\n<p>Ma soif d&rsquo;apprendre m\u2019a guid\u00e9e vers la tarologie holistique, un merveilleux outil pour sonder l&rsquo;inconscient et accompagner les \u00e2mes en qu\u00eate de clart\u00e9. &nbsp;<\/p>\n\n\n\n<p>Puis, d\u00e9sireuse de consolider mes comp\u00e9tences, je me suis form\u00e9e \u00e0 l&rsquo;\u00c9cole Suisse de M\u00e9diumnit\u00e9 Fr\u00e9quences. Deux ann\u00e9es d\u2019\u00e9tudes passionnantes m&rsquo;ont permis d&rsquo;obtenir un dipl\u00f4me reconnu et de perfectionner mes capacit\u00e9s de communication avec les d\u00e9funts, les \u00catres de Lumi\u00e8re ainsi que la gu\u00e9rison spirituelle.<\/p>\n\n\n\n<p>Chemin faisant, je deviens Ma\u00eetre Reiki&nbsp;(de la lign\u00e9e du Grand Ma\u00eetre Usui), apr\u00e8s avoir valid\u00e9&nbsp;les troisi\u00e8me et quatri\u00e8me degr\u00e9s. &nbsp;<\/p>\n\n\n\n<p>Chaque \u00e9tape de mon parcours a \u00e9t\u00e9 marqu\u00e9e par des rencontres pr\u00e9cieuses : Serge Boutboul et ses enseignements sur les voyages astraux ; Ivana Capioli et Gilles W\u00fcrtz, chamanes celtiques m&rsquo;ayant initi\u00e9e aux forces de la Terre, aux animaux de pouvoir et aux esprits de la nature.<\/p>\n\n\n\n<p>Plus r\u00e9cemment, j&rsquo;ai poursuivi mon chemin aux c\u00f4t\u00e9s de Marie Schelling, dans les enseignements du chamanisme Inca centr\u00e9s sur l&rsquo;Amour inconditionnel, et de D\u00e9borah King, chamane moderne, qui enseigne la gu\u00e9rison profonde par l\u2019\u00e9nergie universelle de l&rsquo;Amour.<\/p>\n\n\n\n<p>Aujourd&rsquo;hui, je continue \u00e0 me former, m&rsquo;inspirant des grandes voix spirituelles contemporaines comme Mooji et Sadhguru&nbsp;ainsi que Maha Giri.<\/p>\n\n\n\n<p>Ma qu\u00eate n&rsquo;est jamais termin\u00e9e : chaque jour est une opportunit\u00e9 de grandir, d&rsquo;apprendre, et de transmettre \u00e0 ceux qui croisent ma route les tr\u00e9sors que la vie spirituelle m&rsquo;a offerts.&nbsp;<\/p>\n<\/div><\/div>\n\n\n\n<p><\/p>\n","protected":false},"excerpt":{"rendered":"<p>Depuis mon plus jeune \u00e2ge, une qu\u00eate int\u00e9rieure m&rsquo;anime, sensible aux \u00e9motions et aux \u00e9nergies, emplie d&rsquo;une profonde humilit\u00e9 et de bienveillance. D\u00e9j\u00e0 toute petite, j&rsquo;adorais visiter les ch\u00e2teaux, car je voyais les esprits qui y habitaient.&nbsp; Mais j&rsquo;ai vraiment eu envie de d\u00e9velopper mon don \u00e0 la trentaine lorsque j&rsquo;ai v\u00e9cu plusieurs ph\u00e9nom\u00e8nes paranormaux [&hellip;]<\/p>\n","protected":false},"author":1,"featured_media":0,"parent":0,"menu_order":0,"comment_status":"closed","ping_status":"closed","template":"","meta":{"footnotes":""},"class_list":["post-635","page","type-page","status-publish","hentry"],"_links":{"self":[{"href":"https:\/\/ange-elle.ch\/index.php?rest_route=\/wp\/v2\/pages\/635","targetHints":{"allow":["GET"]}}],"collection":[{"href":"https:\/\/ange-elle.ch\/index.php?rest_route=\/wp\/v2\/pages"}],"about":[{"href":"https:\/\/ange-elle.ch\/index.php?rest_route=\/wp\/v2\/types\/page"}],"author":[{"embeddable":true,"href":"https:\/\/ange-elle.ch\/index.php?rest_route=\/wp\/v2\/users\/1"}],"replies":[{"embeddable":true,"href":"https:\/\/ange-elle.ch\/index.php?rest_route=%2Fwp%2Fv2%2Fcomments&post=635"}],"version-history":[{"count":10,"href":"https:\/\/ange-elle.ch\/index.php?rest_route=\/wp\/v2\/pages\/635\/revisions"}],"predecessor-version":[{"id":843,"href":"https:\/\/ange-elle.ch\/index.php?rest_route=\/wp\/v2\/pages\/635\/revisions\/843"}],"wp:attachment":[{"href":"https:\/\/ange-elle.ch\/index.php?rest_route=%2Fwp%2Fv2%2Fmedia&parent=635"}],"curies":[{"name":"wp","href":"https:\/\/api.w.org\/{rel}","templated":true}]}}